n divisor of g and f.
7
Let n(c) = -c**3 + 7*c**2 - 6*c + 9. Let i be n(7). Let f be (i/44)/(1/(-48)). What is the greatest common divisor of 12 and f?
12
Let d = -4 - -9. Suppose 1 = -5*x - y + 66, 3*x + d*y = 17. Calculate the highest common factor of x and 21.
7
Let z(l) = 2*l**3 + 25*l**2 + 20*l - 10. Let g be z(-10). Calculate the greatest common factor of 30 and g.
10
Let f(n) = -n**3 + 13*n**2 - 29*n + 47. Let y be f(10). What is the highest common factor of y and 399?
57
Let x(g) = -g**2 + 6*g + 7. Let q be x(5). Suppose 3 = q*t - 11*t. Let k be 2 + 4 - t - 2. Calculate the greatest common divisor of k and 8.
1
Let w be (46/(-4))/((-2)/4). Suppose 14*h + 192 = 2*h. Let b(u) = -16*u - 49. Let p be b(h). Calculate the greatest common factor of w and p.
23
Let s(a) = 29*a - 96. Let i be s(6). Calculate the highest common factor of 6 and i.
6
Let h(u) = u + 9. Let b be h(-8). Let x be 3*b/((-12)/(-128)). Calculate the greatest common factor of x and 8.
8
Let h(s) = 9 - 35 - 16 + 12 + 12*s. Let g be h(13). What is the greatest common divisor of g and 18?
18
Let a(p) = -p**2 - 9*p + 12. Let l be a(-9). Suppose -3*q = -2*z + l, 0*q - 32 = -4*z + 4*q. What is the greatest common divisor of z and 3?
3
Suppose -4*n - 4*q + 5*q + 532 = 0, 5*n - 665 = -q. Let b be -1*(0 - -46)*(-5)/10. Suppose b = 4*m - n. What is the highest common divisor of m and 26?
13
Let g be 5 - (1/1 - -1). Suppose 0 = -0*t + 3*t - 87. Suppose -g*d + t + 43 = 0. What is the greatest common factor of d and 216?
24
Let n = 93 - 82. Let u = n + 13. Calculate the greatest common factor of 9 and u.
3
Let z be (-1)/8 - ((-13645)/(-40))/(-1). What is the greatest common divisor of 31 and z?
31
Let h = 87 + -209. Let t = 197 + h. Let b(k) = k - 25. Let w be b(40). Calculate the greatest common divisor of t and w.
15
Let v = 52 - -6. Suppose -2*b - b = 2*y - v, 0 = 5*b + y - 85. Let s be b/(-10)*(0 - 5). Calculate the highest common factor of 2 and s.
2
Suppose 0 = -3*l + 3*i + 45, 3*l - i - 20 - 27 = 0. What is the highest common factor of 336 and l?
16
Suppose 12 = 3*o - 4*r, 2*o - 5*r + 8 = 23. Suppose 3*d + h = 25, 7*d - 4*d + 3*h - 21 = o. Calculate the highest common divisor of 63 and d.
9
Suppose 2*d = -2*d + 84. Let u = -214 + 199. Let z = u + d. What is the highest common factor of 4 and z?
2
Suppose 10*s = 9*s - 3. Let f(d) = 6*d**2 + 5*d + 6. Let q be f(s). Let m = -21 + 30. What is the highest common factor of q and m?
9
Suppose 65*m = 17*m + 2976. Calculate the greatest common divisor of m and 837.
31
Suppose -68 - 36 = -4*i. Let m = -142 + 272. Let r be (-4 + 1)/((-10)/m). What is the greatest common factor of r and i?
13
Let d = -134 + 133. Suppose 0*k = -3*k - 3. Let v be (3/d)/k - 1. Calculate the greatest common divisor of v and 8.
2
Let u = 441 - 397. Calculate the highest common divisor of 594 and u.
22
Suppose -2*k - 1526 = -1552. Calculate the highest common divisor of k and 1716.
13
Let t(f) be the first derivative of -1/2*f**2 + 0*f + 3. Let a be t(-8). What is the highest common divisor of a and 4?
4
Suppose 5*q = 2*h + 34, 5*h = 11*q - 10*q - 16. Calculate the highest common divisor of q and 123.
3
Let v be (-6)/(-3) + 0 + 31. Let p(a) = a**3 + 6*a**2 + 8. Let x be p(-5). What is the highest common divisor of v and x?
33
Let g be 679/4 - 300/(-240). Calculate the greatest common factor of 12 and g.
3
Let l(f) = 2*f - 20. Let b be l(12). Suppose -3*v + 30 = 5*x - 19, -35 = -b*x - v. What is the highest common divisor of 24 and x?
8
Let u(z) be the second derivative of 0 + 3*z + 9/2*z**2 + 1/6*z**4 + 3/2*z**3. Let m be u(-6). Calculate the greatest common factor of m and 189.
27
Suppose r - 4*r + 78 = 0. Suppose i = -4*p + 53, 6*p - 4*p - 4*i - 22 = 0. Suppose 2*m - 39 = -p. What is the highest common divisor of r and m?
13
Let q(o) = -4*o - 17. Let s be q(-8). Let v = 49 + 56. Calculate the highest common divisor of s and v.
15
Let t = -380 + 817. What is the highest common factor of t and 23?
23
Let s(n) = -n**3 + 51*n**2 + 106*n + 35. Let o be s(53). What is the highest common divisor of 50 and o?
5
Let v be -11 + (-790)/(-2) + 11. What is the highest common factor of v and 10?
5
Let t be 3/(-2)*(-2 + 6/9). Suppose 4 = 2*n, 296 = 4*z - t*n + 12. What is the highest common divisor of 6 and z?
6
Let p = 54 - 47. Let u(v) = v + 63. Suppose -i = -4*i. Let o be u(i). Calculate the highest common factor of o and p.
7
Suppose -12 = 2*y - 34. Let l = 58 + y. Calculate the greatest common divisor of l and 46.
23
Let z be (-1)/(2/2 + -2). Let c be (-136)/(-14) - 3/(-63)*6. Let t be (-12)/c*(-74 - z). What is the greatest common factor of 18 and t?
18
Let p be (-4)/(5 - 33/6). Calculate the highest common factor of p and 24.
8
Suppose -5*q + 190 = 2*j, 4*q - 2*j = -5*j + 145. Let w(x) = 3*x - 4. Let k be w(4). What is the highest common divisor of k and q?
8
Let y be 6*2/8*2. Suppose y*a - 3 = 9. Suppose -5*g = o - 24, -2*g = -7*g - 20. Calculate the greatest common factor of o and a.
4
Let a(x) = 4*x**2 - 51*x - 5. Let w be a(13). Suppose -2*n + 4*n = 8. What is the highest common divisor of n and w?
4
Suppose k + 59 = 189. Let g(p) = -10*p**3 - 4*p**2 - 49*p - 45. Let t be g(-1). What is the highest common divisor of k and t?
10
Let q(u) = 263*u**2 + u. Let b be q(1). Let y be ((-8400)/(-980))/((-5)/(-14)). Calculate the highest common divisor of b and y.
24
Let d be 1*((-1 - 3) + 557). What is the highest common factor of d and 7?
7
Suppose 2*m - w - 56 = 0, 138 = 3*m + w + 44. Calculate the highest common divisor of 960 and m.
30
Let z = 572 + -540. Calculate the highest common divisor of 2 and z.
2
Let s(q) = -2*q**2 + 52*q - 335. Let r be s(14). Calculate the greatest common divisor of r and 125.
1
Suppose 0 = -16*j + 763 - 187. Suppose -8*a = -2*a - j. Calculate the greatest common divisor of 6 and a.
6
Suppose 3*m - 5*b - 349 = 0, 8*m + 83 = 9*m + 5*b. What is the greatest common factor of m and 72?
36
Suppose -5 = -5*z - 4*a + 7, 0 = -4*a - 8. Let r = 1884 - 1065. Suppose -243 = z*c - r. Calculate the greatest common factor of 18 and c.
18
Let r = -48 - -54. Suppose -2*t + r = -14. Calculate the highest common divisor of t and 30.
10
Suppose -4*n + 3*n + 2 = 0. Suppose -n*t - 461 = 2*t - i, 3*t + 345 = i. Let v = 173 + t. What is the greatest common factor of v and 38?
19
Suppose 0 = -q - 2*h + 5 - 1, q - 4 = h. Suppose 4*f + 5*k - 692 = 0, -k + 156 = f - q*k. What is the highest common factor of 21 and f?
21
Let r = 13 - 5. Let s(p) = -p + 9. Let x be s(5). Suppose 0 = 4*f, -x*d - f + 2*f = -128. Calculate the highest common divisor of r and d.
8
Suppose 0 = 16*n + 28*n - 1936. What is the greatest common factor of n and 12?
4
Let l = 4 + 56. Let j = -932 + 947. What is the highest common divisor of j and l?
15
Suppose -36*j + 1102 = 130. Calculate the highest common divisor of 12 and j.
3
Suppose -9 = -s + 3. Let y = 12843 + -12711. Calculate the highest common divisor of y and s.
12
Suppose -26*t - 670 = -36*t. Calculate the greatest common factor of t and 201.
67
Let k be 12534/27 - (150/(-54) + 3). Calculate the greatest common divisor of 29 and k.
29
Let d(k) be the third derivative of k**5/60 + 6*k**3 - k**2. Let i be (-6)/39 + -4*5/(-130). Let z be d(i). Calculate the highest common divisor of z and 9.
9
Let r(n) = 3*n**2 - 3*n + 7. Let w(h) = -2*h**2 + 4*h - 8. Let i(y) = 3*r(y) + 4*w(y). Let d be i(-9). Calculate the highest common factor of d and 70.
7
Let h(y) = -9 + 0*y + 30*y + 27*y. Let p be h(6). What is the highest common factor of p and 37?
37
Suppose -4*i + i + 17 = u, -5*i = 5*u - 35. Let l be 10*((-7)/(-2) + 1). Calculate the greatest common divisor of i and l.
5
Suppose -14*i - 15 = -1653. What is the highest common factor of 9 and i?
9
Let m(h) = 14*h - 71. Let o be m(6). Calculate the greatest common divisor of o and 325.
13
Suppose h - 205 = 4*b, 26 - 762 = -4*h - 5*b. Suppose -y - x = -30, 5*y - 4*y - 3*x = 18. Calculate the greatest common divisor of h and y.
27
Let m be 1/(-3) - (-25)/3. Suppose -6 = -0*s - 3*s + 5*q, -q = 0. What is the greatest common factor of s and m?
2
Suppose -40*t = -35*t - 1150. Calculate the greatest common factor of t and 20.
10
Let z be 1 + (-9)/12*-4. Suppose 3 + 13 = z*i. Let w(k) = -5*k**3 - k. 